{"id":89,"date":"2018-03-26T10:01:29","date_gmt":"2018-03-26T10:01:29","guid":{"rendered":"http:\/\/www.hodofoto.cz\/?page_id=89"},"modified":"2020-05-07T19:21:29","modified_gmt":"2020-05-07T19:21:29","slug":"portrety","status":"publish","type":"page","link":"https:\/\/www.hodofoto.cz\/index.php\/portfolio\/portrety\/","title":{"rendered":"Portr\u00e9ty"},"content":{"rendered":"<p style=\"text-align: center;\">Portr\u00e9tn\u00ed fotografov\u00e1n\u00ed m\u016f\u017ee prob\u00edhat nejen v ateli\u00e9ru, ale tak\u00e9 v m\u00edst\u011b, kter\u00e9 samy navrhnete. Nen\u00ed probl\u00e9m se domluvit na focen\u00ed v kav\u00e1rn\u011b, venku, \u010di u V\u00e1s doma.<\/p>\nngg_shortcode_0_placeholder\n","protected":false},"excerpt":{"rendered":"<p>Portr\u00e9tn\u00ed fotografov\u00e1n\u00ed m\u016f\u017ee prob\u00edhat nejen v ateli\u00e9ru, ale tak\u00e9 v m\u00edst\u011b, kter\u00e9 samy navrhnete. Nen\u00ed probl\u00e9m se domluvit na focen\u00ed v kav\u00e1rn\u011b, venku, \u010di u V\u00e1s doma.<\/p>\n","protected":false},"author":1,"featured_media":0,"parent":50,"menu_order":0,"comment_status":"closed","ping_status":"closed","template":"page-templates\/page_fullwidth.php","meta":{"_exactmetrics_skip_tracking":false,"_exactmetrics_sitenote_active":false,"_exactmetrics_sitenote_note":"","_exactmetrics_sitenote_category":0,"ngg_post_thumbnail":0,"footnotes":""},"class_list":["post-89","page","type-page","status-publish","hentry"],"_links":{"self":[{"href":"https:\/\/www.hodofoto.cz\/index.php\/wp-json\/wp\/v2\/pages\/89","targetHints":{"allow":["GET"]}}],"collection":[{"href":"https:\/\/www.hodofoto.cz\/index.php\/wp-json\/wp\/v2\/pages"}],"about":[{"href":"https:\/\/www.hodofoto.cz\/index.php\/wp-json\/wp\/v2\/types\/page"}],"author":[{"embeddable":true,"href":"https:\/\/www.hodofoto.cz\/index.php\/wp-json\/wp\/v2\/users\/1"}],"replies":[{"embeddable":true,"href":"https:\/\/www.hodofoto.cz\/index.php\/wp-json\/wp\/v2\/comments?post=89"}],"version-history":[{"count":28,"href":"https:\/\/www.hodofoto.cz\/index.php\/wp-json\/wp\/v2\/pages\/89\/revisions"}],"predecessor-version":[{"id":2541,"href":"https:\/\/www.hodofoto.cz\/index.php\/wp-json\/wp\/v2\/pages\/89\/revisions\/2541"}],"up":[{"embeddable":true,"href":"https:\/\/www.hodofoto.cz\/index.php\/wp-json\/wp\/v2\/pages\/50"}],"wp:attachment":[{"href":"https:\/\/www.hodofoto.cz\/index.php\/wp-json\/wp\/v2\/media?parent=89"}],"curies":[{"name":"wp","href":"https:\/\/api.w.org\/{rel}","templated":true}]}}